{"id":47,"date":"2025-01-10T07:51:20","date_gmt":"2025-01-10T06:51:20","guid":{"rendered":"http:\/\/dhyyzty.cluster100.hosting.ovh.net\/?page_id=47"},"modified":"2026-01-30T10:03:14","modified_gmt":"2026-01-30T09:03:14","slug":"nos-tarifs-2025","status":"publish","type":"page","link":"https:\/\/lavieilleforge.fr\/index.php\/nos-tarifs-2025\/","title":{"rendered":"Nos tarifs 2026"},"content":{"rendered":"\n<h3 class=\"wp-block-heading\">Prix des chambres<\/h3>\n\n\n\n<ul class=\"wp-block-list\">\n<li><a href=\"https:\/\/lavieilleforge.fr\/index.php\/chambre-vanille\/\" data-type=\"page\" data-id=\"16\">Chambre Vanille<\/a>, <a href=\"https:\/\/lavieilleforge.fr\/index.php\/chambre-bois-rose\/\" data-type=\"page\" data-id=\"29\">Bois de Rose<\/a> ou <a href=\"https:\/\/lavieilleforge.fr\/index.php\/chambre-pensee\/\" data-type=\"page\" data-id=\"31\">Pens\u00e9e<\/a> pour 1 ou 2 personnes : <strong>80 euros<\/strong><\/li>\n\n\n\n<li><a href=\"https:\/\/lavieilleforge.fr\/index.php\/chambre-miel\/\" data-type=\"page\" data-id=\"18\">Chambre Miel<\/a> pour 1 ou 2 personnes : <strong>95 euros<\/strong><\/li>\n\n\n\n<li><a href=\"https:\/\/lavieilleforge.fr\/index.php\/chambre-prune\/\" data-type=\"page\" data-id=\"35\">Chambre Prune<\/a> <strong>et<\/strong> <a href=\"https:\/\/lavieilleforge.fr\/index.php\/chambre-ocean\/\" data-type=\"page\" data-id=\"33\">Oc\u00e9an<\/a> de l&rsquo;ensemble familial pour 3 \u00e0 4 personnes : <strong>130 euros<\/strong><\/li>\n\n\n\n<li><a href=\"https:\/\/lavieilleforge.fr\/index.php\/chambre-prune\/\" data-type=\"page\" data-id=\"35\">Chambre Prune<\/a> seule pour 1 \u00e0 2 personnes : <strong>80 euros<\/strong><\/li>\n\n\n\n<li>R\u00e9servation \u00e0 partir de <strong>2 nuit\u00e9es minimum<\/strong>.<\/li>\n\n\n\n<li>Condition de r\u00e9servation : acompte de 30% du montant du s\u00e9jour avec un minimum du prix d&rsquo;une nuit\u00e9e par chambre r\u00e9serv\u00e9e.<\/li>\n\n\n\n<li>Moyen de paiement : <strong>ch\u00e8que, virement et esp\u00e8ces<\/strong> (carte bancaire non accept\u00e9e).<\/li>\n\n\n\n<li>Nos amis les chiens et chats ne sont pas accept\u00e9s.<\/li>\n\n\n\n<li>Nous proposons des <strong>bons cadeaux personnalisables <\/strong>si vous souhaitez <strong>offrir<\/strong> un s\u00e9jour \u00e0 vos proches ou \u00e0 des ami(e)s (exemples de bon cadeau dans la page \u00ab\u00a0nos coordonn\u00e9es\u00a0\u00bb).<\/li>\n<\/ul>\n\n\n\n<h3 class=\"wp-block-heading\">Services<\/h3>\n\n\n\n<ul class=\"wp-block-list\">\n<li><strong>Petits d\u00e9jeuners<\/strong> et <strong>taxes de s\u00e9jour<\/strong> inclus dans nos tarifs.<\/li>\n\n\n\n<li>Des <strong>v\u00e9los de promenade<\/strong> sont \u00e0 votre disposition d\u00e8s le d\u00e9but de votre s\u00e9jour.<\/li>\n\n\n\n<li>La <strong>kitchenette<\/strong> est \u00e0 la disposition de nos h\u00f4tes (r\u00e9frig\u00e9rateur cong\u00e9lateur, four, micro-onde, couverts et vaisselle).<br><\/li>\n<\/ul>\n\n\n\n<h3 class=\"wp-block-heading\">R\u00e9servations 2026<\/h3>\n\n\n\n<p>P\u00e9riode <strong>d\u2019ouverture<\/strong> \u00e0 l\u2019h\u00e9bergement : du 1er f\u00e9vrier au 30 novembre.<br><strong>Fermeture<\/strong> annuelle du 1<sup>er <\/sup>d\u00e9cembre au 31 janvier de l\u2019ann\u00e9e suivante. <br>N\u00e9anmoins, nous r\u00e9pondons aux <strong>demandes de r\u00e9servation<\/strong> durant la fermeture de l\u2019activit\u00e9 :<\/p>\n\n\n\n<ul class=\"wp-block-list\">\n<li>Par t\u00e9l\u00e9phone : <strong>00 33 (0)3 22 27 75 58<\/strong><\/li>\n\n\n\n<li>Par email : <a href=\"mailto:lavieilleforge@wanadoo.fr\"><strong>lavieilleforge@wanadoo.fr<\/strong><\/a><\/li>\n\n\n\n<li>Par <strong><a href=\"https:\/\/lavieilleforge.fr\/index.php\/nos-coordonnees\/\" data-type=\"page\" data-id=\"57\">formulaire de contact<\/a><\/strong><\/li>\n<\/ul>\n","protected":false},"excerpt":{"rendered":"<p>Prix des chambres Services R\u00e9servations 2026 P\u00e9riode d\u2019ouverture \u00e0 l\u2019h\u00e9bergement : du 1er f\u00e9vrier au 30 novembre.Fermeture annuelle du 1er d\u00e9cembre au 31 janvier de l\u2019ann\u00e9e suivante. N\u00e9anmoins, nous r\u00e9pondons aux demandes de r\u00e9servation durant la fermeture de l\u2019activit\u00e9 :<\/p>\n","protected":false},"author":1,"featured_media":0,"parent":0,"menu_order":0,"comment_status":"closed","ping_status":"closed","template":"","meta":{"ngg_post_thumbnail":0,"footnotes":""},"class_list":["post-47","page","type-page","status-publish","czr-hentry"],"_links":{"self":[{"href":"https:\/\/lavieilleforge.fr\/index.php\/wp-json\/wp\/v2\/pages\/47","targetHints":{"allow":["GET"]}}],"collection":[{"href":"https:\/\/lavieilleforge.fr\/index.php\/wp-json\/wp\/v2\/pages"}],"about":[{"href":"https:\/\/lavieilleforge.fr\/index.php\/wp-json\/wp\/v2\/types\/page"}],"author":[{"embeddable":true,"href":"https:\/\/lavieilleforge.fr\/index.php\/wp-json\/wp\/v2\/users\/1"}],"replies":[{"embeddable":true,"href":"https:\/\/lavieilleforge.fr\/index.php\/wp-json\/wp\/v2\/comments?post=47"}],"version-history":[{"count":8,"href":"https:\/\/lavieilleforge.fr\/index.php\/wp-json\/wp\/v2\/pages\/47\/revisions"}],"predecessor-version":[{"id":370,"href":"https:\/\/lavieilleforge.fr\/index.php\/wp-json\/wp\/v2\/pages\/47\/revisions\/370"}],"wp:attachment":[{"href":"https:\/\/lavieilleforge.fr\/index.php\/wp-json\/wp\/v2\/media?parent=47"}],"curies":[{"name":"wp","href":"https:\/\/api.w.org\/{rel}","templated":true}]}}